{"id":2180,"date":"2013-05-12T16:08:36","date_gmt":"2013-05-12T16:08:36","guid":{"rendered":"http:\/\/www.vukic-apartmani.com\/fr\/zadar\/"},"modified":"2015-08-17T10:44:54","modified_gmt":"2015-08-17T10:44:54","slug":"zadar","status":"publish","type":"page","link":"https:\/\/www.vukic-apartmani.com\/fr\/zadar\/","title":{"rendered":"Zadar"},"content":{"rendered":"<p style=\"text-align: justify;\">Une ville qui est par Constantin Porphyrog\u00e9n\u00e8te plus \u00e2g\u00e9 que le si\u00e8ge de Rome de la r\u00e9gion de Zadar et l&rsquo;un des centres touristiques plus solides de la Croatie, qui visite les centaines de milliers de clients, y compris de nombreuses c\u00e9l\u00e9brit\u00e9s du monde des affaires, le divertissement, et est consid\u00e9r\u00e9 comme le exp\u00e9riences de la ville avec une foule d&rsquo;\u00e9v\u00e9nements qui en font une des villes les plus int\u00e9ressantes et attrayantes \u00e0 visiter. A propos de t\u00e9moin de son g\u00e9nie cr\u00e9atif et \u0153uvres modernes tels que le monde c\u00e9l\u00e8bre organes de la mer. Si\u00e8cles histoire mouvement\u00e9e, la destruction et la cr\u00e9ation ont laiss\u00e9 des cicatrices mais aussi de nombreux enregistrements de temps, pr\u00e9cieux patrimoine culturel d&rsquo;aujourd&rsquo;hui de la ville.<\/p>\n<p><img loading=\"lazy\" class=\" size-st_large wp-image-2090 aligncenter\" src=\"http:\/\/www.vukic-apartmani.com\/wp-content\/uploads\/2015\/07\/Zadar_svDonat-940x375.jpg\" alt=\"Zadar_svDonat\" width=\"940\" height=\"375\" \/><\/p>\n<p style=\"text-align: justify;\">De toutes les p\u00e9riodes historiques ont \u00e9t\u00e9 conserv\u00e9s de nombreuses \u00e9glises et monuments, en eux est l&rsquo;art visible de tous les styles de l&rsquo;architecture, de l&rsquo;\u00e9poque romaine \u00e0 travers le Moyen-Age \u00e0 l&rsquo;architecture moderne. Environ 70 d&rsquo;entre eux situ\u00e9s dans le centre historique de la ville, tandis que ses autres parties de l&rsquo;environnement \u00e9troites et larges compt\u00e9s plus de 600 monuments culturels immobiliers. Les restes de la place principale romaine Iadera du th\u00e9\u00e2tre de l&rsquo;ensemble de la vie publique de la ville se trouve en face de Saint-Donat et le palais de l&rsquo;archev\u00eaque, et est interpol\u00e9e au centre de la vie urbaine \u00e0 Zadar. Il a \u00e9t\u00e9 construit selon les r\u00e8gles de l&rsquo;urbanisme classique au cours de la p\u00e9riode imp\u00e9riale de l&rsquo;Empire romain du 1er si\u00e8cle avant JC au 3e si\u00e8cle apr\u00e8s JC. Forum de Zadar \u00e9tait ses mesures est l&rsquo;un des plus importants dans la mer Adriatique dans l&rsquo;Antiquit\u00e9 tardive au Forum d\u00e9veloppe complexe Christian \u00e9piscopal de la basilique et de ses annexes, et donc encore faire du tourisme un ajustement attrayant de deux traditions qui se refl\u00e8tent dans les autres attractions telles que le Mus\u00e9e du verre antique et de l&rsquo;exposition \u00abL&rsquo;or et l&rsquo;argent de Zadar\u00a0\u00bb permanente. Dans la derni\u00e8re attraction briller l&rsquo;or et l&rsquo;argent, de vieux manuscrits, broderies et tapisseries \u00e9labor\u00e9es, des reliques et des calices mystiques, et d&rsquo;autres objets qui sont tiss\u00e9s dans les joies et les espoirs, la souffrance et la foi du pass\u00e9 tumultueux de cette r\u00e9gion.<\/p>\n<p><img loading=\"lazy\" class=\" size-st_large wp-image-2085 aligncenter\" src=\"http:\/\/www.vukic-apartmani.com\/wp-content\/uploads\/2015\/07\/zadar_forum_2-940x375.jpg\" alt=\"zadar_forum_2\" width=\"940\" height=\"375\" \/><\/p>\n<p style=\"text-align: justify;\">Zadar promenade maritime est un endroit merveilleux pour aller jouir de la v\u00e9g\u00e9tation luxuriante et de palmiers avec elle une vue inoubliable sur l&rsquo;archipel de Zadar et les \u00eeles de Ugljan et Pasman. Organe mer est devenu le site m\u00e9taphorique de la ville de Zadar, enthousiasm\u00e9 habitants chaque jour, et cela doit \u00eatre un point in\u00e9vitable dans tous les circuits touristiques de Zadar et de la r\u00e9gion. Ceci est un m\u00e9lange d&rsquo;id\u00e9es humaines et des comp\u00e9tences avec l&rsquo;\u00e9nergie des vagues de la mer. Simultan\u00e9ment avec le \u00ab\u00a0plus beau coucher de soleil dans le monde\u00a0\u00bb les \u00e9l\u00e9ments d&rsquo;\u00e9clairage install\u00e9s dans un cercle, ils produisent un merveilleux spectacle, tr\u00e8s impressionnant de la lumi\u00e8re dans le rythme des vagues et le son de l&rsquo;orgue de la mer.<\/p>\n<p style=\"text-align: justify;\"><img loading=\"lazy\" class=\" size-st_large wp-image-2089 aligncenter\" src=\"http:\/\/www.vukic-apartmani.com\/wp-content\/uploads\/2015\/07\/Zadar_pozdravsuncu-940x375.jpg\" alt=\"Zadar_pozdravsuncu\" width=\"940\" height=\"375\" \/><\/p>\n","protected":false},"excerpt":{"rendered":"<p>Une ville qui est par Constantin Porphyrog\u00e9n\u00e8te plus \u00e2g\u00e9 que le si\u00e8ge de Rome de la r\u00e9gion de Zadar et l&rsquo;un des centres touristiques&#8230;<\/p>\n","protected":false},"author":1,"featured_media":0,"parent":0,"menu_order":0,"comment_status":"closed","ping_status":"closed","template":"","meta":[],"_links":{"self":[{"href":"https:\/\/www.vukic-apartmani.com\/fr\/wp-json\/wp\/v2\/pages\/2180\/"}],"collection":[{"href":"https:\/\/www.vukic-apartmani.com\/fr\/wp-json\/wp\/v2\/pages\/"}],"about":[{"href":"https:\/\/www.vukic-apartmani.com\/fr\/wp-json\/wp\/v2\/types\/page\/"}],"author":[{"embeddable":true,"href":"https:\/\/www.vukic-apartmani.com\/fr\/wp-json\/wp\/v2\/users\/1\/"}],"replies":[{"embeddable":true,"href":"https:\/\/www.vukic-apartmani.com\/fr\/wp-json\/wp\/v2\/comments\/?post=2180"}],"version-history":[{"count":1,"href":"https:\/\/www.vukic-apartmani.com\/fr\/wp-json\/wp\/v2\/pages\/2180\/revisions\/"}],"predecessor-version":[{"id":2233,"href":"https:\/\/www.vukic-apartmani.com\/fr\/wp-json\/wp\/v2\/pages\/2180\/revisions\/2233\/"}],"wp:attachment":[{"href":"https:\/\/www.vukic-apartmani.com\/fr\/wp-json\/wp\/v2\/media\/?parent=2180"}],"curies":[{"name":"wp","href":"https:\/\/api.w.org\/{rel}","templated":true}]}}

<p style="text-align: justify;">Une ville qui est par Constantin Porphyrogénète plus âgé que le siège de Rome de la région de Zadar et l&rsquo;un des centres touristiques plus solides de la Croatie, qui visite les centaines de milliers de clients, y compris de nombreuses célébrités du monde des affaires, le divertissement, et est considéré comme le expériences de la ville avec une foule d&rsquo;événements qui en font une des villes les plus intéressantes et attrayantes à visiter. A propos de témoin de son génie créatif et œuvres modernes tels que le monde célèbre organes de la mer. Siècles histoire mouvementée, la destruction et la création ont laissé des cicatrices mais aussi de nombreux enregistrements de temps, précieux patrimoine culturel d&rsquo;aujourd&rsquo;hui de la ville.</p>
<p><img loading="lazy" class=" size-st_large wp-image-2090 aligncenter" src="http://www.vukic-apartmani.com/wp-content/uploads/2015/07/Zadar_svDonat-940x375.jpg" alt="Zadar_svDonat" width="940" height="375" /></p>
<p style="text-align: justify;">De toutes les périodes historiques ont été conservés de nombreuses églises et monuments, en eux est l&rsquo;art visible de tous les styles de l&rsquo;architecture, de l&rsquo;époque romaine à travers le Moyen-Age à l&rsquo;architecture moderne. Environ 70 d&rsquo;entre eux situés dans le centre historique de la ville, tandis que ses autres parties de l&rsquo;environnement étroites et larges comptés plus de 600 monuments culturels immobiliers. Les restes de la place principale romaine Iadera du théâtre de l&rsquo;ensemble de la vie publique de la ville se trouve en face de Saint-Donat et le palais de l&rsquo;archevêque, et est interpolée au centre de la vie urbaine à Zadar. Il a été construit selon les règles de l&rsquo;urbanisme classique au cours de la période impériale de l&rsquo;Empire romain du 1er siècle avant JC au 3e siècle après JC. Forum de Zadar était ses mesures est l&rsquo;un des plus importants dans la mer Adriatique dans l&rsquo;Antiquité tardive au Forum développe complexe Christian épiscopal de la basilique et de ses annexes, et donc encore faire du tourisme un ajustement attrayant de deux traditions qui se reflètent dans les autres attractions telles que le Musée du verre antique et de l&rsquo;exposition «L&rsquo;or et l&rsquo;argent de Zadar » permanente. Dans la dernière attraction briller l&rsquo;or et l&rsquo;argent, de vieux manuscrits, broderies et tapisseries élaborées, des reliques et des calices mystiques, et d&rsquo;autres objets qui sont tissés dans les joies et les espoirs, la souffrance et la foi du passé tumultueux de cette région.</p>
<p><img loading="lazy" class=" size-st_large wp-image-2085 aligncenter" src="http://www.vukic-apartmani.com/wp-content/uploads/2015/07/zadar_forum_2-940x375.jpg" alt="zadar_forum_2" width="940" height="375" /></p>
<p style="text-align: justify;">Zadar promenade maritime est un endroit merveilleux pour aller jouir de la végétation luxuriante et de palmiers avec elle une vue inoubliable sur l&rsquo;archipel de Zadar et les îles de Ugljan et Pasman. Organe mer est devenu le site métaphorique de la ville de Zadar, enthousiasmé habitants chaque jour, et cela doit être un point inévitable dans tous les circuits touristiques de Zadar et de la région. Ceci est un mélange d&rsquo;idées humaines et des compétences avec l&rsquo;énergie des vagues de la mer. Simultanément avec le « plus beau coucher de soleil dans le monde » les éléments d&rsquo;éclairage installés dans un cercle, ils produisent un merveilleux spectacle, très impressionnant de la lumière dans le rythme des vagues et le son de l&rsquo;orgue de la mer.</p>
<p style="text-align: justify;"><img loading="lazy" class=" size-st_large wp-image-2089 aligncenter" src="http://www.vukic-apartmani.com/wp-content/uploads/2015/07/Zadar_pozdravsuncu-940x375.jpg" alt="Zadar_pozdravsuncu" width="940" height="375" /></p>

<p>Une ville qui est par Constantin Porphyrogénète plus âgé que le siège de Rome de la région de Zadar et l&rsquo;un des centres touristiques&#8230;</p>
